se -8 = r + 10. What is the units digit of v/12 - (-12)/r?
8
Let s = 44014 - 27148. What is the units digit of s?
6
Suppose 2*c - 1226 = 2*g, -5*g + 1219 = -9*c + 11*c. Suppose 7*p + c - 129 = 0. What is the units digit of (-4 - -2)/(3/p)?
6
Let d(t) = t**3 + 63*t**2 + 31*t - 487. What is the tens digit of d(19)?
0
Let d(j) = -j**3 - 4*j**2 - 6*j - 4. Let f be d(-3). Let y be 2/5*1*445. Suppose y = f*r - 162. What is the units digit of r?
8
Let g = -4275 - -15229. What is the units digit of g?
4
Let a = 903 - -1778. What is the units digit of a?
1
Let n = 14045 + -5037. What is the units digit of n?
8
Let g(f) = 2*f**2 + 19*f + 12. Let q be g(-9). Suppose q*h - 641 = 151. What is the hundreds digit of h?
2
Let m(u) = u**3 - 9*u**2 + 5*u - 12. Let k be m(8). Let d = k - -37. What is the tens digit of 4 + d + -3 + 29?
3
Suppose -53*i + 66142 = 50*i - 1506153. What is the ten thousands digit of i?
1
Suppose 76*i = 40*i + 46*i - 111030. What is the units digit of i?
3
Let g be (-1)/7 - (-15)/7. Let w(r) = 14. Let y(c) = c + 1. Let x(q) = g*w(q) - 6*y(q). What is the tens digit of x(-9)?
7
Suppose 6*q + 2*q + 632 = 0. Let z = q + 84. Suppose -2*k - 3*t + 409 = 0, -3*k + z*t = -302 - 264. What is the tens digit of k?
9
Suppose 0 = -5*b + 4*j + 98796, 3*j = -5*b + 10*b - 98802. What is the units digit of b?
4
Let l(x) = -x**3 - 15*x**2 - 9*x - 33. Let k be l(-8). Let s = k - -1495. What is the units digit of s?
6
Let z = 18282 - 4569. What is the tens digit of z?
1
What is the units digit of (17 + 8)/((-2)/(-1454))?
5
Let y = -7 + 1. Let x(b) = 2*b + 17. Let k be x(y). What is the tens digit of 531/k + 10/(-50) - 2?
0
Suppose 8*n - 16 = 4*n. Suppose 0 = -6*q + n*q - 5*d + 47, 45 = 5*q - 2*d. Suppose -10 = -q*l + 9*l. What is the units digit of l?
5
Let v = -16351 - -31593. What is the thousands digit of v?
5
Suppose 16*c - 40116 - 3173 = 13447. What is the tens digit of c?
4
Let t(f) = 7*f - 9. Let b(k) = -7*k + 8. Let v(c) = -5*b(c) - 4*t(c). Let g(i) = i**3 + 2*i**2 - 4*i - 2. Let q be g(-2). What is the units digit of v(q)?
8
Suppose 533 = -6*q + 2687. Let b = -3 + q. What is the hundreds digit of b?
3
Let v be ((-14)/(-10) - 1)/((-5)/(-450)). Suppose v = 6*d - 3*d. Suppose n = 146 + d. What is the units digit of n?
8
Suppose 5*l = 2*w + 136, -5*w = -0*l - 5*l + 130. Suppose -l = -6*k - 10. Suppose -5*o + 251 = 2*i - 74, -65 = -o + k*i. What is the tens digit of o?
6
Suppose -3*n - 15 = -b + n, -b + n = -6. What is the hundreds digit of (610/6 - 6/9)*b?
3
Let i = 15190 + -42266. What is the units digit of i/(-21) + 32/(-24)?
8
Let r be 0*(1/(-6))/(10/(-20)). Suppose r = -y - 2*u + 1930, 4*y - 9248 + 1563 = -u. Suppose -2*j = 6*j - y. What is the tens digit of j?
4
Suppose m - 4*s - 109 = 0, 0*s = 4*s - 16. Let l = -91 + m. Suppose l*y = 37*y - 534. What is the tens digit of y?
7
Let t(o) = -o**2 - 3*o. Let s be t(-3). Suppose s = -7*k + 242 + 185. Suppose -2*b - 2*a + 66 = -40, -a = -b + k. What is the tens digit of b?
5
Let g = 5398 + -5142. What is the tens digit of g?
5
Suppose -4*g - 16*w + 17*w = -9597, -2*g + 4803 = -5*w. What is the tens digit of g?
9
Let c(x) = 15*x**2 - 303*x - 29. What is the tens digit of c(-20)?
3
Let y(v) = -v**2 - v - 8. Let a be y(9). Let p = -83 - a. What is the units digit of (-340)/(-25)*p/6?
4
Let y be 25820/14 - 13/((-637)/(-14)). Suppose -11*s = -3964 - y. What is the hundreds digit of s?
5
Let u(t) = -33*t + 6. Suppose -4*a = 3*r + 15 - 0, -2*a - 24 = -4*r. What is the tens digit of u(a)?
0
Let n be (4/10)/((-4)/(-1020)). Suppose -4*s = -3*m - 349, 371 = 3*s + 5*m + n. What is the units digit of s?
8
Suppose 7*b - 5*b - 2 = 0. Let t be 16/(3 - -1) - b. What is the units digit of (((-2)/t)/1)/(20/(-2670))?
9
Suppose 0 = -58*t + 53*t + 85. Suppose -t*b = -36*b + 19855. What is the tens digit of b?
4
Suppose 64840*r + 810750 = 64868*r + 115482. What is the thousands digit of r?
4
Let a(k) = -26*k + 6. Let f be a(1). What is the tens digit of 4/(-10) - (-116)/f*-68?
9
Let p = -3 + -19. Let s(d) = -d - 20. Let y be s(p). Suppose -4*b + 214 = -y*b. What is the hundreds digit of b?
1
Let m = 1812 - 1175. Let q = m + -40. What is the hundreds digit of q?
5
Let b = 82 - 79. Suppose 6*y = -2*u + 3*y + 655, -5*u - b*y = -1633. What is the hundreds digit of u?
3
What is the tens digit of 6*((-25)/(525/(-10682)) + -1 + 5)?
7
Suppose -91*l + 41*l + 33896 = 102*l. What is the hundreds digit of l?
2
Let h(z) = -2*z**2 + 25*z - 8. Let u be h(12). Suppose 0 = -p - 0*d + 5*d + 221, d = u*p - 941. What is the tens digit of p?
3
Let g(o) = 98 - o + 63 + 23 + 80 - 23. Let h be 0 + 2 + (0 - 2). What is the tens digit of g(h)?
4
Let i be 119/11 - (-40)/220. Suppose 20*b - 2592 = i*b. What is the tens digit of b?
8
What is the thousands digit of 6711 + -5 + (-2 - 10*(-2)/4)?
6
Let t = -4632 - -8017. What is the thousands digit of t?
3
Let i = -52 + 51. What is the tens digit of 239 - -352 - (3 - (i + 0))?
8
Let k(q) = -3103*q + 514. What is the hundreds digit of k(-3)?
8
Suppose 5*m = -2*p + 3*m + 2140, 0 = 2*p - 5*m - 2119. What is the thousands digit of p?
1
Let g be -3 - 3/(-9)*-3. Let x be (-1)/(g + 455/115). Let s = -5 + x. What is the tens digit of s?
1
Let x = -22497 + 56008. What is the units digit of x?
1
Suppose -f - s = 5, 0 = -3*s + 6 - 21. Suppose 5*u + 8 = -j, 2*u = 20*j - 22*j. What is the tens digit of f/u + -5 - -201?
9
Let y(g) = g + 42. Let o be y(10). Let a = o - -233. Let i = a - 196. What is the tens digit of i?
8
Let k be (-2 + 0)*(-1065)/6. Suppose 16 = 4*q, -b + 3*q + 201 = -0*q. Let j = k - b. What is the tens digit of j?
4
Suppose -5*t - 2*d = 144, 0 = 3*t - 0*t + 3*d + 81. Let u(i) = 2*i**2 + 33*i - 84. What is the hundreds digit of u(t)?
7
Suppose -1061203 = -117*n - 278239. What is the hundreds digit of n?
6
Let f = -144 - -146. Suppose 3*p - 5*n = 107, 3 - 70 = -f*p - n. What is the tens digit of p?
3
What is the units digit of ((-4)/22 - (-168)/(-1617)) + 256012/28?
3
Let z(h) = 46*h**2 - 2 + 1 - 13*h + 17*h**2. What is the tens digit of z(3)?
2
Let h(v) = 28*v + 196. Let r be h(0). Suppose 0 = 2*w - 5*p - r, 12*w + p - 490 = 7*w. What is the tens digit of w?
9
Suppose -290925 + 67693 = -128*q. What is the units digit of q?
4
Let q be 0 + (-6)/(-27) + 4/(-18). Suppose -2*u + 5*w = -126 - 75, q = -2*u + 3*w + 211. What is the units digit of u?
3
Let s(p) = 28*p**3 + 10*p**2 - 3*p + 6. Let m be s(4). Let y = 253 + -236. Suppose 0 = y*h - 6706 + m. What is the units digit of h?
0
Let p = 6561 - -657. What is the units digit of p?
8
Suppose -24*p + 10*p = 23*p - 856846. What is the hundreds digit of p?
1
Suppose 9*w - 48799 + 1828 - 270783 = 0. What is the hundreds digit of w?
3
Suppose 3*d = 56*i - 61*i + 25023, 0 = 5*d - i - 41677. What is the hundreds digit of d?
3
Let z = -59 - -62. Suppose -15 = z*l, -l = c + 3*l + 53. Let b = 62 + c. What is the units digit of b?
9
Suppose 20*d - 16 = 16*d. Suppose 5*f = -3*n + 5, 4*f + d*n = -n - 9. What is the units digit of f/(-14) + (-90)/(-21) + 86?
0
Let r be 4/10 + (-6114)/(-15). Let j = -179 + r. What is the tens digit of j?
2
Suppose -3*n = -3, -n = 2*x + 8430 - 26291. What is the hundreds digit of x?
9
Let u = -158 - -173. Suppose 2*b + j = 1450, -u*j = 3*b - 20*j - 2175. What is the hundreds digit of b?
7
What is the units digit of 76776/70*(176/12 - 8)?
2
Let a(v) = 10*v + 3. Let m be a(-7). Let j = -63 - m. Suppose 0 = f - 3*l + 7, j*f + l = 4 + 20. What is the units digit of f?
5
Let x(q) be the third derivative of -17*q**6/120 - 5*q**4/24 + 2*q**3/3 - 12*q**2. Let r be x(3). What is the units digit of (r/15)/(8/(-12))?
7
Let l = 81 + 1602. Suppose 9*w - 63 = -l. What is the tens digit of (1/3)/((-6)/w)?
1
What is the hundreds digit of (212/16)/((-105)/(-147000))?
5
Suppose -47128 = -2*i - 456*m + 457*m, -117820 = -5*i + 3*m. What is the tens digit of i?
6
Suppose 0*i = -5*i + 15. Suppose b = 5*b + i*b. Suppose b = -n - 2*n + k + 155, 0 = 2*n + 4*k - 122. What is the tens digit of n?
5
Let t = 3615 - -1293. What is the thousands digit of t?
4
Let y = 1898 - -6939. What is the thousands digit of y?
8
What is the thousands digit of (12/45)/((-18)/900)*16158/(-5)?
3
Let d be 405/20 + (10/8)/(-5). Suppose -d = -5*r, 2*f - 1272 = -0*f - 2*r. What is the